{"id":55,"date":"2023-05-13T14:55:51","date_gmt":"2023-05-13T12:55:51","guid":{"rendered":"http:\/\/www.intergalactiques.fr\/?post_type=product&#038;p=55"},"modified":"2026-04-06T15:13:13","modified_gmt":"2026-04-06T13:13:13","slug":"yaourt-a-la-vanille","status":"publish","type":"product","link":"https:\/\/www.intergalactiques.fr\/index.php\/produit\/yaourt-a-la-vanille\/","title":{"rendered":"Yaourt \u00e0 la vanille"},"content":{"rendered":"<p>Des gousses de vanille de Madagascard enti\u00e8res infus\u00e9es dans du lait, un peu de scure et des ferments.<\/p>\n","protected":false},"excerpt":{"rendered":"<p>Des notes naturelles et suaves.<\/p>\n","protected":false},"featured_media":57,"template":"","meta":{"site-sidebar-layout":"default","site-content-layout":"default","ast-site-content-layout":"default","site-content-style":"default","site-sidebar-style":"default","ast-global-header-display":"","ast-banner-title-visibility":"","ast-main-header-display":"","ast-hfb-above-header-display":"","ast-hfb-below-header-display":"","ast-hfb-mobile-header-display":"","site-post-title":"","ast-breadcrumbs-content":"","ast-featured-img":"","footer-sml-layout":"","ast-disable-related-posts":"","theme-transparent-header-meta":"default","adv-header-id-meta":"","stick-header-meta":"","header-above-stick-meta":"","header-main-stick-meta":"","header-below-stick-meta":"","astra-migrate-meta-layouts":"default","ast-page-background-enabled":"default","ast-page-background-meta":{"desktop":{"background-color":"var(--ast-global-color-4)","background-image":"","background-repeat":"repeat","background-position":"center center","background-size":"auto","background-attachment":"scroll","background-type":"","background-media":"","overlay-type":"","overlay-color":"","overlay-opacity":"","overlay-gradient":""},"tablet":{"background-color":"","background-image":"","background-repeat":"repeat","background-position":"center center","background-size":"auto","background-attachment":"scroll","background-type":"","background-media":"","overlay-type":"","overlay-color":"","overlay-opacity":"","overlay-gradient":""},"mobile":{"background-color":"","background-image":"","background-repeat":"repeat","background-position":"center center","background-size":"auto","background-attachment":"scroll","background-type":"","background-media":"","overlay-type":"","overlay-color":"","overlay-opacity":"","overlay-gradient":""}},"ast-content-background-meta":{"desktop":{"background-color":"var(--ast-global-color-5)","background-image":"","background-repeat":"repeat","background-position":"center center","background-size":"auto","background-attachment":"scroll","background-type":"","background-media":"","overlay-type":"","overlay-color":"","overlay-opacity":"","overlay-gradient":""},"tablet":{"background-color":"var(--ast-global-color-5)","background-image":"","background-repeat":"repeat","background-position":"center center","background-size":"auto","background-attachment":"scroll","background-type":"","background-media":"","overlay-type":"","overlay-color":"","overlay-opacity":"","overlay-gradient":""},"mobile":{"background-color":"var(--ast-global-color-5)","background-image":"","background-repeat":"repeat","background-position":"center center","background-size":"auto","background-attachment":"scroll","background-type":"","background-media":"","overlay-type":"","overlay-color":"","overlay-opacity":"","overlay-gradient":""}}},"product_brand":[],"product_cat":[21],"product_tag":[],"class_list":{"0":"post-55","1":"product","2":"type-product","3":"status-publish","4":"has-post-thumbnail","6":"product_cat-yaourts","7":"desktop-align-center","8":"tablet-align-left","9":"mobile-align-left","11":"first","12":"instock","13":"shipping-taxable","14":"purchasable","15":"product-type-simple"},"yoast_head":"<!-- This site is optimized with the Yoast SEO plugin v27.3 - https:\/\/yoast.com\/product\/yoast-seo-wordpress\/ -->\n<title>Yaourt vanille<\/title>\n<meta name=\"robots\" content=\"index, follow, max-snippet:-1, max-image-preview:large, max-video-preview:-1\" \/>\n<link rel=\"canonical\" href=\"https:\/\/www.intergalactiques.fr\/index.php\/produit\/yaourt-a-la-vanille\/\" \/>\n<meta property=\"og:locale\" content=\"fr_FR\" \/>\n<meta property=\"og:type\" content=\"article\" \/>\n<meta property=\"og:title\" content=\"Yaourt vanille\" \/>\n<meta property=\"og:description\" content=\"Des notes naturelles et suaves.\" \/>\n<meta property=\"og:url\" content=\"https:\/\/www.intergalactiques.fr\/index.php\/produit\/yaourt-a-la-vanille\/\" \/>\n<meta property=\"og:site_name\" content=\"Intergalactiques\" \/>\n<meta property=\"article:modified_time\" content=\"2026-04-06T13:13:13+00:00\" \/>\n<meta property=\"og:image\" content=\"https:\/\/www.intergalactiques.fr\/wp-content\/uploads\/2023\/05\/vanille_rond.png\" \/>\n\t<meta property=\"og:image:width\" content=\"1600\" \/>\n\t<meta property=\"og:image:height\" content=\"1600\" \/>\n\t<meta property=\"og:image:type\" content=\"image\/png\" \/>\n<meta name=\"twitter:card\" content=\"summary_large_image\" \/>\n<script type=\"application\/ld+json\" class=\"yoast-schema-graph\">{\"@context\":\"https:\\\/\\\/schema.org\",\"@graph\":[{\"@type\":\"WebPage\",\"@id\":\"https:\\\/\\\/www.intergalactiques.fr\\\/index.php\\\/produit\\\/yaourt-a-la-vanille\\\/\",\"url\":\"https:\\\/\\\/www.intergalactiques.fr\\\/index.php\\\/produit\\\/yaourt-a-la-vanille\\\/\",\"name\":\"Yaourt vanille\",\"isPartOf\":{\"@id\":\"https:\\\/\\\/www.intergalactiques.fr\\\/#website\"},\"primaryImageOfPage\":{\"@id\":\"https:\\\/\\\/www.intergalactiques.fr\\\/index.php\\\/produit\\\/yaourt-a-la-vanille\\\/#primaryimage\"},\"image\":{\"@id\":\"https:\\\/\\\/www.intergalactiques.fr\\\/index.php\\\/produit\\\/yaourt-a-la-vanille\\\/#primaryimage\"},\"thumbnailUrl\":\"https:\\\/\\\/i0.wp.com\\\/www.intergalactiques.fr\\\/wp-content\\\/uploads\\\/2023\\\/05\\\/vanille_rond.png?fit=1600%2C1600&ssl=1\",\"datePublished\":\"2023-05-13T12:55:51+00:00\",\"dateModified\":\"2026-04-06T13:13:13+00:00\",\"breadcrumb\":{\"@id\":\"https:\\\/\\\/www.intergalactiques.fr\\\/index.php\\\/produit\\\/yaourt-a-la-vanille\\\/#breadcrumb\"},\"inLanguage\":\"fr-FR\",\"potentialAction\":[{\"@type\":\"ReadAction\",\"target\":[\"https:\\\/\\\/www.intergalactiques.fr\\\/index.php\\\/produit\\\/yaourt-a-la-vanille\\\/\"]}]},{\"@type\":\"ImageObject\",\"inLanguage\":\"fr-FR\",\"@id\":\"https:\\\/\\\/www.intergalactiques.fr\\\/index.php\\\/produit\\\/yaourt-a-la-vanille\\\/#primaryimage\",\"url\":\"https:\\\/\\\/i0.wp.com\\\/www.intergalactiques.fr\\\/wp-content\\\/uploads\\\/2023\\\/05\\\/vanille_rond.png?fit=1600%2C1600&ssl=1\",\"contentUrl\":\"https:\\\/\\\/i0.wp.com\\\/www.intergalactiques.fr\\\/wp-content\\\/uploads\\\/2023\\\/05\\\/vanille_rond.png?fit=1600%2C1600&ssl=1\",\"width\":1600,\"height\":1600,\"caption\":\"Yaourt vanille\"},{\"@type\":\"BreadcrumbList\",\"@id\":\"https:\\\/\\\/www.intergalactiques.fr\\\/index.php\\\/produit\\\/yaourt-a-la-vanille\\\/#breadcrumb\",\"itemListElement\":[{\"@type\":\"ListItem\",\"position\":1,\"name\":\"Accueil\",\"item\":\"https:\\\/\\\/www.intergalactiques.fr\\\/\"},{\"@type\":\"ListItem\",\"position\":2,\"name\":\"Boutique\",\"item\":\"https:\\\/\\\/www.intergalactiques.fr\\\/index.php\\\/boutique\\\/\"},{\"@type\":\"ListItem\",\"position\":3,\"name\":\"Yaourt \u00e0 la vanille\"}]},{\"@type\":\"WebSite\",\"@id\":\"https:\\\/\\\/www.intergalactiques.fr\\\/#website\",\"url\":\"https:\\\/\\\/www.intergalactiques.fr\\\/\",\"name\":\"Intergalactiques\",\"description\":\"L&#039;amour est dans le pot\",\"publisher\":{\"@id\":\"https:\\\/\\\/www.intergalactiques.fr\\\/#organization\"},\"alternateName\":\"Micro-Laiterie\",\"potentialAction\":[{\"@type\":\"SearchAction\",\"target\":{\"@type\":\"EntryPoint\",\"urlTemplate\":\"https:\\\/\\\/www.intergalactiques.fr\\\/?s={search_term_string}\"},\"query-input\":{\"@type\":\"PropertyValueSpecification\",\"valueRequired\":true,\"valueName\":\"search_term_string\"}}],\"inLanguage\":\"fr-FR\"},{\"@type\":\"Organization\",\"@id\":\"https:\\\/\\\/www.intergalactiques.fr\\\/#organization\",\"name\":\"Intergalactiques\",\"alternateName\":\"Micro-Laiterie Interglactiques\",\"url\":\"https:\\\/\\\/www.intergalactiques.fr\\\/\",\"logo\":{\"@type\":\"ImageObject\",\"inLanguage\":\"fr-FR\",\"@id\":\"https:\\\/\\\/www.intergalactiques.fr\\\/#\\\/schema\\\/logo\\\/image\\\/\",\"url\":\"https:\\\/\\\/i0.wp.com\\\/www.intergalactiques.fr\\\/wp-content\\\/uploads\\\/2023\\\/05\\\/cropped-INTERGALACTIQUES-BLUE-scaled-1.jpg?fit=512%2C512&ssl=1\",\"contentUrl\":\"https:\\\/\\\/i0.wp.com\\\/www.intergalactiques.fr\\\/wp-content\\\/uploads\\\/2023\\\/05\\\/cropped-INTERGALACTIQUES-BLUE-scaled-1.jpg?fit=512%2C512&ssl=1\",\"width\":512,\"height\":512,\"caption\":\"Intergalactiques\"},\"image\":{\"@id\":\"https:\\\/\\\/www.intergalactiques.fr\\\/#\\\/schema\\\/logo\\\/image\\\/\"}}]}<\/script>\n<!-- \/ Yoast SEO plugin. -->","yoast_head_json":{"title":"Yaourt vanille","robots":{"index":"index","follow":"follow","max-snippet":"max-snippet:-1","max-image-preview":"max-image-preview:large","max-video-preview":"max-video-preview:-1"},"canonical":"https:\/\/www.intergalactiques.fr\/index.php\/produit\/yaourt-a-la-vanille\/","og_locale":"fr_FR","og_type":"article","og_title":"Yaourt vanille","og_description":"Des notes naturelles et suaves.","og_url":"https:\/\/www.intergalactiques.fr\/index.php\/produit\/yaourt-a-la-vanille\/","og_site_name":"Intergalactiques","article_modified_time":"2026-04-06T13:13:13+00:00","og_image":[{"width":1600,"height":1600,"url":"https:\/\/www.intergalactiques.fr\/wp-content\/uploads\/2023\/05\/vanille_rond.png","type":"image\/png"}],"twitter_card":"summary_large_image","schema":{"@context":"https:\/\/schema.org","@graph":[{"@type":"WebPage","@id":"https:\/\/www.intergalactiques.fr\/index.php\/produit\/yaourt-a-la-vanille\/","url":"https:\/\/www.intergalactiques.fr\/index.php\/produit\/yaourt-a-la-vanille\/","name":"Yaourt vanille","isPartOf":{"@id":"https:\/\/www.intergalactiques.fr\/#website"},"primaryImageOfPage":{"@id":"https:\/\/www.intergalactiques.fr\/index.php\/produit\/yaourt-a-la-vanille\/#primaryimage"},"image":{"@id":"https:\/\/www.intergalactiques.fr\/index.php\/produit\/yaourt-a-la-vanille\/#primaryimage"},"thumbnailUrl":"https:\/\/i0.wp.com\/www.intergalactiques.fr\/wp-content\/uploads\/2023\/05\/vanille_rond.png?fit=1600%2C1600&ssl=1","datePublished":"2023-05-13T12:55:51+00:00","dateModified":"2026-04-06T13:13:13+00:00","breadcrumb":{"@id":"https:\/\/www.intergalactiques.fr\/index.php\/produit\/yaourt-a-la-vanille\/#breadcrumb"},"inLanguage":"fr-FR","potentialAction":[{"@type":"ReadAction","target":["https:\/\/www.intergalactiques.fr\/index.php\/produit\/yaourt-a-la-vanille\/"]}]},{"@type":"ImageObject","inLanguage":"fr-FR","@id":"https:\/\/www.intergalactiques.fr\/index.php\/produit\/yaourt-a-la-vanille\/#primaryimage","url":"https:\/\/i0.wp.com\/www.intergalactiques.fr\/wp-content\/uploads\/2023\/05\/vanille_rond.png?fit=1600%2C1600&ssl=1","contentUrl":"https:\/\/i0.wp.com\/www.intergalactiques.fr\/wp-content\/uploads\/2023\/05\/vanille_rond.png?fit=1600%2C1600&ssl=1","width":1600,"height":1600,"caption":"Yaourt vanille"},{"@type":"BreadcrumbList","@id":"https:\/\/www.intergalactiques.fr\/index.php\/produit\/yaourt-a-la-vanille\/#breadcrumb","itemListElement":[{"@type":"ListItem","position":1,"name":"Accueil","item":"https:\/\/www.intergalactiques.fr\/"},{"@type":"ListItem","position":2,"name":"Boutique","item":"https:\/\/www.intergalactiques.fr\/index.php\/boutique\/"},{"@type":"ListItem","position":3,"name":"Yaourt \u00e0 la vanille"}]},{"@type":"WebSite","@id":"https:\/\/www.intergalactiques.fr\/#website","url":"https:\/\/www.intergalactiques.fr\/","name":"Intergalactiques","description":"L&#039;amour est dans le pot","publisher":{"@id":"https:\/\/www.intergalactiques.fr\/#organization"},"alternateName":"Micro-Laiterie","potentialAction":[{"@type":"SearchAction","target":{"@type":"EntryPoint","urlTemplate":"https:\/\/www.intergalactiques.fr\/?s={search_term_string}"},"query-input":{"@type":"PropertyValueSpecification","valueRequired":true,"valueName":"search_term_string"}}],"inLanguage":"fr-FR"},{"@type":"Organization","@id":"https:\/\/www.intergalactiques.fr\/#organization","name":"Intergalactiques","alternateName":"Micro-Laiterie Interglactiques","url":"https:\/\/www.intergalactiques.fr\/","logo":{"@type":"ImageObject","inLanguage":"fr-FR","@id":"https:\/\/www.intergalactiques.fr\/#\/schema\/logo\/image\/","url":"https:\/\/i0.wp.com\/www.intergalactiques.fr\/wp-content\/uploads\/2023\/05\/cropped-INTERGALACTIQUES-BLUE-scaled-1.jpg?fit=512%2C512&ssl=1","contentUrl":"https:\/\/i0.wp.com\/www.intergalactiques.fr\/wp-content\/uploads\/2023\/05\/cropped-INTERGALACTIQUES-BLUE-scaled-1.jpg?fit=512%2C512&ssl=1","width":512,"height":512,"caption":"Intergalactiques"},"image":{"@id":"https:\/\/www.intergalactiques.fr\/#\/schema\/logo\/image\/"}}]}},"jetpack_sharing_enabled":true,"_links":{"self":[{"href":"https:\/\/www.intergalactiques.fr\/index.php\/wp-json\/wp\/v2\/product\/55","targetHints":{"allow":["GET"]}}],"collection":[{"href":"https:\/\/www.intergalactiques.fr\/index.php\/wp-json\/wp\/v2\/product"}],"about":[{"href":"https:\/\/www.intergalactiques.fr\/index.php\/wp-json\/wp\/v2\/types\/product"}],"wp:featuredmedia":[{"embeddable":true,"href":"https:\/\/www.intergalactiques.fr\/index.php\/wp-json\/wp\/v2\/media\/57"}],"wp:attachment":[{"href":"https:\/\/www.intergalactiques.fr\/index.php\/wp-json\/wp\/v2\/media?parent=55"}],"wp:term":[{"taxonomy":"product_brand","embeddable":true,"href":"https:\/\/www.intergalactiques.fr\/index.php\/wp-json\/wp\/v2\/product_brand?post=55"},{"taxonomy":"product_cat","embeddable":true,"href":"https:\/\/www.intergalactiques.fr\/index.php\/wp-json\/wp\/v2\/product_cat?post=55"},{"taxonomy":"product_tag","embeddable":true,"href":"https:\/\/www.intergalactiques.fr\/index.php\/wp-json\/wp\/v2\/product_tag?post=55"}],"curies":[{"name":"wp","href":"https:\/\/api.w.org\/{rel}","templated":true}]}}