{"id":90,"date":"2023-05-13T22:30:57","date_gmt":"2023-05-13T20:30:57","guid":{"rendered":"http:\/\/www.intergalactiques.fr\/?page_id=90"},"modified":"2023-05-20T15:37:51","modified_gmt":"2023-05-20T13:37:51","slug":"la-fabrication","status":"publish","type":"page","link":"https:\/\/www.intergalactiques.fr\/index.php\/la-fabrication\/","title":{"rendered":"La fabrication"},"content":{"rendered":"\n<p>Les yaourts sont fabriqu\u00e9s dans un atelier situ\u00e9 sur le site de la ferme de la m\u00fbre. La ferme et le lait qui est issu sont agriculture en agriculture biolgique. <\/p>\n\n\n\n<p>Sur la ferme de nombreuses intitiatives sont entreprises pour pr\u00e9server l&rsquo;environnement  : plantation d&rsquo;arbres pour l&rsquo;agroforesterie, am\u00e9nagement de mares, r\u00e9cup\u00e9ration d&rsquo;eau.<\/p>\n\n\n\n<p>Le lait utilis\u00e9 pour la fabrication des yaourts est pr\u00e9serv\u00e9 au maximum afin qu&rsquo;il conserve au mieu ses propri\u00e9t\u00e9s nutritives et gustatives : aucun transport ni stockage, aucune homog\u00e9n\u00e9isation et une pasteurisation lente au bain-marie permettent de retrouver le go\u00fbt d&rsquo;un v\u00e9ritable yaourt digne d&rsquo;un dessert. Les yaourts sont conditionn\u00e9s un par un \u00e0 la main.<\/p>\n\n\n\n<p>Seuls des ingr\u00e9dients de qualit\u00e9 sont employ\u00e9s : lait bio fermier, gousses de vanilles enti\u00e8res de Madagascard, eau florale de bleuet artisanale bio produite en auvergne, baies de poivre de Tasmanie bio, huile essentiel de citron IGP Syracuse bio, sucre de canne bio.<\/p>\n\n\n\n<figure class=\"wp-block-image aligncenter size-large\"><img data-recalc-dims=\"1\" fetchpriority=\"high\" decoding=\"async\" width=\"1024\" height=\"665\" src=\"https:\/\/i0.wp.com\/www.intergalactiques.fr\/wp-content\/uploads\/2023\/05\/20221020_174458-1.jpg?resize=1024%2C665&#038;ssl=1\" alt=\"\" class=\"wp-image-137\" srcset=\"https:\/\/i0.wp.com\/www.intergalactiques.fr\/wp-content\/uploads\/2023\/05\/20221020_174458-1-scaled.jpg?resize=1024%2C665&amp;ssl=1 1024w, https:\/\/i0.wp.com\/www.intergalactiques.fr\/wp-content\/uploads\/2023\/05\/20221020_174458-1-scaled.jpg?resize=300%2C195&amp;ssl=1 300w, https:\/\/i0.wp.com\/www.intergalactiques.fr\/wp-content\/uploads\/2023\/05\/20221020_174458-1-scaled.jpg?resize=768%2C499&amp;ssl=1 768w, https:\/\/i0.wp.com\/www.intergalactiques.fr\/wp-content\/uploads\/2023\/05\/20221020_174458-1-scaled.jpg?resize=1536%2C997&amp;ssl=1 1536w, https:\/\/i0.wp.com\/www.intergalactiques.fr\/wp-content\/uploads\/2023\/05\/20221020_174458-1-scaled.jpg?resize=2048%2C1330&amp;ssl=1 2048w, https:\/\/i0.wp.com\/www.intergalactiques.fr\/wp-content\/uploads\/2023\/05\/20221020_174458-1-scaled.jpg?resize=600%2C390&amp;ssl=1 600w\" sizes=\"(max-width: 1000px) 100vw, 1000px\" \/><\/figure>\n","protected":false},"excerpt":{"rendered":"<p>Les yaourts sont fabriqu\u00e9s dans un atelier situ\u00e9 sur le site de la ferme de la m\u00fbre. La ferme et le lait qui est issu sont agriculture en agriculture biolgique. Sur la ferme de nombreuses intitiatives sont entreprises pour pr\u00e9server l&rsquo;environnement : plantation d&rsquo;arbres pour l&rsquo;agroforesterie, am\u00e9nagement de mares, r\u00e9cup\u00e9ration d&rsquo;eau. Le lait utilis\u00e9 pour [&hellip;]<\/p>\n","protected":false},"author":1,"featured_media":0,"parent":0,"menu_order":0,"comment_status":"closed","ping_status":"closed","template":"","meta":{"site-sidebar-layout":"default","site-content-layout":"","ast-site-content-layout":"default","site-content-style":"default","site-sidebar-style":"default","ast-global-header-display":"","ast-banner-title-visibility":"","ast-main-header-display":"","ast-hfb-above-header-display":"","ast-hfb-below-header-display":"","ast-hfb-mobile-header-display":"","site-post-title":"","ast-breadcrumbs-content":"","ast-featured-img":"","footer-sml-layout":"","ast-disable-related-posts":"","theme-transparent-header-meta":"","adv-header-id-meta":"","stick-header-meta":"","header-above-stick-meta":"","header-main-stick-meta":"","header-below-stick-meta":"","astra-migrate-meta-layouts":"default","ast-page-background-enabled":"default","ast-page-background-meta":{"desktop":{"background-color":"var(--ast-global-color-4)","background-image":"","background-repeat":"repeat","background-position":"center center","background-size":"auto","background-attachment":"scroll","background-type":"","background-media":"","overlay-type":"","overlay-color":"","overlay-opacity":"","overlay-gradient":""},"tablet":{"background-color":"","background-image":"","background-repeat":"repeat","background-position":"center center","background-size":"auto","background-attachment":"scroll","background-type":"","background-media":"","overlay-type":"","overlay-color":"","overlay-opacity":"","overlay-gradient":""},"mobile":{"background-color":"","background-image":"","background-repeat":"repeat","background-position":"center center","background-size":"auto","background-attachment":"scroll","background-type":"","background-media":"","overlay-type":"","overlay-color":"","overlay-opacity":"","overlay-gradient":""}},"ast-content-background-meta":{"desktop":{"background-color":"var(--ast-global-color-5)","background-image":"","background-repeat":"repeat","background-position":"center center","background-size":"auto","background-attachment":"scroll","background-type":"","background-media":"","overlay-type":"","overlay-color":"","overlay-opacity":"","overlay-gradient":""},"tablet":{"background-color":"var(--ast-global-color-5)","background-image":"","background-repeat":"repeat","background-position":"center center","background-size":"auto","background-attachment":"scroll","background-type":"","background-media":"","overlay-type":"","overlay-color":"","overlay-opacity":"","overlay-gradient":""},"mobile":{"background-color":"var(--ast-global-color-5)","background-image":"","background-repeat":"repeat","background-position":"center center","background-size":"auto","background-attachment":"scroll","background-type":"","background-media":"","overlay-type":"","overlay-color":"","overlay-opacity":"","overlay-gradient":""}},"footnotes":""},"class_list":["post-90","page","type-page","status-publish","hentry"],"yoast_head":"<!-- This site is optimized with the Yoast SEO plugin v27.3 - https:\/\/yoast.com\/product\/yoast-seo-wordpress\/ -->\n<title>Fabrication<\/title>\n<meta name=\"description\" content=\"D\u00e9couvrez la fabrication des yaourts par la micro-laiterie Intergalactiques. Vous d\u00e9couvrirez des produits artisanux.\" \/>\n<meta name=\"robots\" content=\"index, follow, max-snippet:-1, max-image-preview:large, max-video-preview:-1\" \/>\n<link rel=\"canonical\" href=\"https:\/\/www.intergalactiques.fr\/index.php\/la-fabrication\/\" \/>\n<meta property=\"og:locale\" content=\"fr_FR\" \/>\n<meta property=\"og:type\" content=\"article\" \/>\n<meta property=\"og:title\" content=\"Fabrication\" \/>\n<meta property=\"og:description\" content=\"D\u00e9couvrez la fabrication des yaourts par la micro-laiterie Intergalactiques. Vous d\u00e9couvrirez des produits artisanux.\" \/>\n<meta property=\"og:url\" content=\"https:\/\/www.intergalactiques.fr\/index.php\/la-fabrication\/\" \/>\n<meta property=\"og:site_name\" content=\"Intergalactiques\" \/>\n<meta property=\"article:modified_time\" content=\"2023-05-20T13:37:51+00:00\" \/>\n<meta property=\"og:image\" content=\"https:\/\/www.intergalactiques.fr\/wp-content\/uploads\/2023\/05\/20221020_174458-1-1024x665.jpg\" \/>\n<meta name=\"twitter:card\" content=\"summary_large_image\" \/>\n<meta name=\"twitter:label1\" content=\"Dur\u00e9e de lecture estim\u00e9e\" \/>\n\t<meta name=\"twitter:data1\" content=\"1 minute\" \/>\n<script type=\"application\/ld+json\" class=\"yoast-schema-graph\">{\"@context\":\"https:\\\/\\\/schema.org\",\"@graph\":[{\"@type\":\"WebPage\",\"@id\":\"https:\\\/\\\/www.intergalactiques.fr\\\/index.php\\\/la-fabrication\\\/\",\"url\":\"https:\\\/\\\/www.intergalactiques.fr\\\/index.php\\\/la-fabrication\\\/\",\"name\":\"Fabrication\",\"isPartOf\":{\"@id\":\"https:\\\/\\\/www.intergalactiques.fr\\\/#website\"},\"primaryImageOfPage\":{\"@id\":\"https:\\\/\\\/www.intergalactiques.fr\\\/index.php\\\/la-fabrication\\\/#primaryimage\"},\"image\":{\"@id\":\"https:\\\/\\\/www.intergalactiques.fr\\\/index.php\\\/la-fabrication\\\/#primaryimage\"},\"thumbnailUrl\":\"https:\\\/\\\/www.intergalactiques.fr\\\/wp-content\\\/uploads\\\/2023\\\/05\\\/20221020_174458-1-1024x665.jpg\",\"datePublished\":\"2023-05-13T20:30:57+00:00\",\"dateModified\":\"2023-05-20T13:37:51+00:00\",\"description\":\"D\u00e9couvrez la fabrication des yaourts par la micro-laiterie Intergalactiques. Vous d\u00e9couvrirez des produits artisanux.\",\"breadcrumb\":{\"@id\":\"https:\\\/\\\/www.intergalactiques.fr\\\/index.php\\\/la-fabrication\\\/#breadcrumb\"},\"inLanguage\":\"fr-FR\",\"potentialAction\":[{\"@type\":\"ReadAction\",\"target\":[\"https:\\\/\\\/www.intergalactiques.fr\\\/index.php\\\/la-fabrication\\\/\"]}]},{\"@type\":\"ImageObject\",\"inLanguage\":\"fr-FR\",\"@id\":\"https:\\\/\\\/www.intergalactiques.fr\\\/index.php\\\/la-fabrication\\\/#primaryimage\",\"url\":\"https:\\\/\\\/i0.wp.com\\\/www.intergalactiques.fr\\\/wp-content\\\/uploads\\\/2023\\\/05\\\/20221020_174458-1-scaled.jpg?fit=2560%2C1662&ssl=1\",\"contentUrl\":\"https:\\\/\\\/i0.wp.com\\\/www.intergalactiques.fr\\\/wp-content\\\/uploads\\\/2023\\\/05\\\/20221020_174458-1-scaled.jpg?fit=2560%2C1662&ssl=1\",\"width\":2560,\"height\":1662,\"caption\":\"Pots de yaourts en remplissage\"},{\"@type\":\"BreadcrumbList\",\"@id\":\"https:\\\/\\\/www.intergalactiques.fr\\\/index.php\\\/la-fabrication\\\/#breadcrumb\",\"itemListElement\":[{\"@type\":\"ListItem\",\"position\":1,\"name\":\"Accueil\",\"item\":\"https:\\\/\\\/www.intergalactiques.fr\\\/\"},{\"@type\":\"ListItem\",\"position\":2,\"name\":\"La fabrication\"}]},{\"@type\":\"WebSite\",\"@id\":\"https:\\\/\\\/www.intergalactiques.fr\\\/#website\",\"url\":\"https:\\\/\\\/www.intergalactiques.fr\\\/\",\"name\":\"Intergalactiques\",\"description\":\"L&#039;amour est dans le pot\",\"publisher\":{\"@id\":\"https:\\\/\\\/www.intergalactiques.fr\\\/#organization\"},\"alternateName\":\"Micro-Laiterie\",\"potentialAction\":[{\"@type\":\"SearchAction\",\"target\":{\"@type\":\"EntryPoint\",\"urlTemplate\":\"https:\\\/\\\/www.intergalactiques.fr\\\/?s={search_term_string}\"},\"query-input\":{\"@type\":\"PropertyValueSpecification\",\"valueRequired\":true,\"valueName\":\"search_term_string\"}}],\"inLanguage\":\"fr-FR\"},{\"@type\":\"Organization\",\"@id\":\"https:\\\/\\\/www.intergalactiques.fr\\\/#organization\",\"name\":\"Intergalactiques\",\"alternateName\":\"Micro-Laiterie Interglactiques\",\"url\":\"https:\\\/\\\/www.intergalactiques.fr\\\/\",\"logo\":{\"@type\":\"ImageObject\",\"inLanguage\":\"fr-FR\",\"@id\":\"https:\\\/\\\/www.intergalactiques.fr\\\/#\\\/schema\\\/logo\\\/image\\\/\",\"url\":\"https:\\\/\\\/i0.wp.com\\\/www.intergalactiques.fr\\\/wp-content\\\/uploads\\\/2023\\\/05\\\/cropped-INTERGALACTIQUES-BLUE-scaled-1.jpg?fit=512%2C512&ssl=1\",\"contentUrl\":\"https:\\\/\\\/i0.wp.com\\\/www.intergalactiques.fr\\\/wp-content\\\/uploads\\\/2023\\\/05\\\/cropped-INTERGALACTIQUES-BLUE-scaled-1.jpg?fit=512%2C512&ssl=1\",\"width\":512,\"height\":512,\"caption\":\"Intergalactiques\"},\"image\":{\"@id\":\"https:\\\/\\\/www.intergalactiques.fr\\\/#\\\/schema\\\/logo\\\/image\\\/\"}}]}<\/script>\n<!-- \/ Yoast SEO plugin. -->","yoast_head_json":{"title":"Fabrication","description":"D\u00e9couvrez la fabrication des yaourts par la micro-laiterie Intergalactiques. Vous d\u00e9couvrirez des produits artisanux.","robots":{"index":"index","follow":"follow","max-snippet":"max-snippet:-1","max-image-preview":"max-image-preview:large","max-video-preview":"max-video-preview:-1"},"canonical":"https:\/\/www.intergalactiques.fr\/index.php\/la-fabrication\/","og_locale":"fr_FR","og_type":"article","og_title":"Fabrication","og_description":"D\u00e9couvrez la fabrication des yaourts par la micro-laiterie Intergalactiques. Vous d\u00e9couvrirez des produits artisanux.","og_url":"https:\/\/www.intergalactiques.fr\/index.php\/la-fabrication\/","og_site_name":"Intergalactiques","article_modified_time":"2023-05-20T13:37:51+00:00","og_image":[{"url":"https:\/\/www.intergalactiques.fr\/wp-content\/uploads\/2023\/05\/20221020_174458-1-1024x665.jpg","type":"","width":"","height":""}],"twitter_card":"summary_large_image","twitter_misc":{"Dur\u00e9e de lecture estim\u00e9e":"1 minute"},"schema":{"@context":"https:\/\/schema.org","@graph":[{"@type":"WebPage","@id":"https:\/\/www.intergalactiques.fr\/index.php\/la-fabrication\/","url":"https:\/\/www.intergalactiques.fr\/index.php\/la-fabrication\/","name":"Fabrication","isPartOf":{"@id":"https:\/\/www.intergalactiques.fr\/#website"},"primaryImageOfPage":{"@id":"https:\/\/www.intergalactiques.fr\/index.php\/la-fabrication\/#primaryimage"},"image":{"@id":"https:\/\/www.intergalactiques.fr\/index.php\/la-fabrication\/#primaryimage"},"thumbnailUrl":"https:\/\/www.intergalactiques.fr\/wp-content\/uploads\/2023\/05\/20221020_174458-1-1024x665.jpg","datePublished":"2023-05-13T20:30:57+00:00","dateModified":"2023-05-20T13:37:51+00:00","description":"D\u00e9couvrez la fabrication des yaourts par la micro-laiterie Intergalactiques. Vous d\u00e9couvrirez des produits artisanux.","breadcrumb":{"@id":"https:\/\/www.intergalactiques.fr\/index.php\/la-fabrication\/#breadcrumb"},"inLanguage":"fr-FR","potentialAction":[{"@type":"ReadAction","target":["https:\/\/www.intergalactiques.fr\/index.php\/la-fabrication\/"]}]},{"@type":"ImageObject","inLanguage":"fr-FR","@id":"https:\/\/www.intergalactiques.fr\/index.php\/la-fabrication\/#primaryimage","url":"https:\/\/i0.wp.com\/www.intergalactiques.fr\/wp-content\/uploads\/2023\/05\/20221020_174458-1-scaled.jpg?fit=2560%2C1662&ssl=1","contentUrl":"https:\/\/i0.wp.com\/www.intergalactiques.fr\/wp-content\/uploads\/2023\/05\/20221020_174458-1-scaled.jpg?fit=2560%2C1662&ssl=1","width":2560,"height":1662,"caption":"Pots de yaourts en remplissage"},{"@type":"BreadcrumbList","@id":"https:\/\/www.intergalactiques.fr\/index.php\/la-fabrication\/#breadcrumb","itemListElement":[{"@type":"ListItem","position":1,"name":"Accueil","item":"https:\/\/www.intergalactiques.fr\/"},{"@type":"ListItem","position":2,"name":"La fabrication"}]},{"@type":"WebSite","@id":"https:\/\/www.intergalactiques.fr\/#website","url":"https:\/\/www.intergalactiques.fr\/","name":"Intergalactiques","description":"L&#039;amour est dans le pot","publisher":{"@id":"https:\/\/www.intergalactiques.fr\/#organization"},"alternateName":"Micro-Laiterie","potentialAction":[{"@type":"SearchAction","target":{"@type":"EntryPoint","urlTemplate":"https:\/\/www.intergalactiques.fr\/?s={search_term_string}"},"query-input":{"@type":"PropertyValueSpecification","valueRequired":true,"valueName":"search_term_string"}}],"inLanguage":"fr-FR"},{"@type":"Organization","@id":"https:\/\/www.intergalactiques.fr\/#organization","name":"Intergalactiques","alternateName":"Micro-Laiterie Interglactiques","url":"https:\/\/www.intergalactiques.fr\/","logo":{"@type":"ImageObject","inLanguage":"fr-FR","@id":"https:\/\/www.intergalactiques.fr\/#\/schema\/logo\/image\/","url":"https:\/\/i0.wp.com\/www.intergalactiques.fr\/wp-content\/uploads\/2023\/05\/cropped-INTERGALACTIQUES-BLUE-scaled-1.jpg?fit=512%2C512&ssl=1","contentUrl":"https:\/\/i0.wp.com\/www.intergalactiques.fr\/wp-content\/uploads\/2023\/05\/cropped-INTERGALACTIQUES-BLUE-scaled-1.jpg?fit=512%2C512&ssl=1","width":512,"height":512,"caption":"Intergalactiques"},"image":{"@id":"https:\/\/www.intergalactiques.fr\/#\/schema\/logo\/image\/"}}]}},"jetpack_sharing_enabled":true,"_links":{"self":[{"href":"https:\/\/www.intergalactiques.fr\/index.php\/wp-json\/wp\/v2\/pages\/90","targetHints":{"allow":["GET"]}}],"collection":[{"href":"https:\/\/www.intergalactiques.fr\/index.php\/wp-json\/wp\/v2\/pages"}],"about":[{"href":"https:\/\/www.intergalactiques.fr\/index.php\/wp-json\/wp\/v2\/types\/page"}],"author":[{"embeddable":true,"href":"https:\/\/www.intergalactiques.fr\/index.php\/wp-json\/wp\/v2\/users\/1"}],"replies":[{"embeddable":true,"href":"https:\/\/www.intergalactiques.fr\/index.php\/wp-json\/wp\/v2\/comments?post=90"}],"version-history":[{"count":2,"href":"https:\/\/www.intergalactiques.fr\/index.php\/wp-json\/wp\/v2\/pages\/90\/revisions"}],"predecessor-version":[{"id":138,"href":"https:\/\/www.intergalactiques.fr\/index.php\/wp-json\/wp\/v2\/pages\/90\/revisions\/138"}],"wp:attachment":[{"href":"https:\/\/www.intergalactiques.fr\/index.php\/wp-json\/wp\/v2\/media?parent=90"}],"curies":[{"name":"wp","href":"https:\/\/api.w.org\/{rel}","templated":true}]}}